11111?
-110100000011100100
In base 6, what is 2005 + -4245042?
-4243033
In base 3, what is -12201 - -1201000002210?
1200222220002
In base 12, what is -30581278 + 4?
-30581274
In base 11, what is -16279399 - -5?
-16279394
In base 16, what is 9 - -22aed8?
22aee1
In base 3, what is 1020221102 - 110020?
1020111012
In base 2, what is -1000101010000110011001010 - 1?
-1000101010000110011001011
In base 4, what is 11 + 33232312300?
33232312311
In base 6, what is 255334 - -5303?
305041
In base 9, what is 1 - -7457546?
7457547
In base 6, what is 2235 + 11?
2250
In base 3, what is -12201000011101 - -12?
-12201000011012
In base 16, what is -7e - -92ae8?
92a6a
In base 14, what is -17 + -b63cb?
-b6404
In base 16, what is 53f479e - 2?
53f479c
In base 5, what is 11220222020 + 13?
11220222033
In base 6, what is 14010 + -41101?
-23051
In base 5, what is -1 - 41142114243?
-41142114244
In base 10, what is 115 + -182503?
-182388
In base 12, what is 4 - -1955a741?
1955a745
In base 8, what is -465 + 57334?
56647
In base 2, what is 10011001011011011000 + -110111100?
10011001010100011100
In base 5, what is -1424 - -21020334?
21013410
In base 13, what is 414a + 10781?
148cb
In base 2, what is 0 + 1101010101010110111001?
1101010101010110111001
In base 16, what is -2a6 + -8487d?
-84b23
In base 8, what is 3110224 - -553?
3110777
In base 14, what is c5ba5 - 58a?
c5619
In base 16, what is -1334 + -70b?
-1a3f
In base 3, what is 0 + -21110202012120120?
-21110202012120120
In base 2, what is -1101010011100101 - -1101?
-1101010011011000
In base 14, what is 2 - -189975c?
1899760
In base 12, what is -2149 + -a170?
-102b9
In base 3, what is -112012120 - -100122?
-111211221
In base 13, what is 556 + -43a7?
-3b51
In base 11, what is -3 + 79a3613?
79a3610
In base 7, what is 114422 - -335?
115060
In base 16, what is 2f1 - -fafe5?
fb2d6
In base 6, what is 2 + -1542430?
-1542424
In base 12, what is -3 + -1164a961?
-1164a964
In base 3, what is -1020101101 + -20?
-1020101121
In base 8, what is 3174 + 13245?
16441
In base 9, what is 32687162 - 0?
32687162
In base 11, what is 5886336 - 2?
5886334
In base 14, what is 283 - 44612?
-4436d
In base 3, what is -1202 + 210120022100210?
210120022022001
In base 6, what is -14040223 + 2?
-14040221
In base 4, what is -2101322 + 30003?
-2011313
In base 16, what is 2ba72 + 1224?
2cc96
In base 6, what is 1203555111 - -10?
1203555121
In base 2, what is -11 - 110010101000001111111?
-110010101000010000010
In base 14, what is 5 + ba1b9?
ba1c0
In base 11, what is -a27 + -2263?
-318a
In base 2, what is 11001100011 - 10010110111110000?
-10010011110001101
In base 12, what is -707b3 - 2637?
-7322a
In base 2, what is -1111000111110011 - 100110011?
-1111001100100110
In base 4, what is -2121302302221 + 2?
-2121302302213
In base 7, what is -4 + 52050564?
52050560
In base 5, what is 10113424333 + 141?
10113430024
In base 13, what is 89cc08 - 49?
89cb8c
In base 12, what is 6 + 10b61a7?
10b61b1
In base 2, what is -1100111 - -1110110100011110?
1110110010110111
In base 14, what is 11923c7 + -4?
11923c3
In base 13, what is -11199b + 5b?
-111940
In base 2, what is 1101001010 + -10001111100110010?
-10001101111101000
In base 13, what is 69 - -9c1b1?
9c24a
In base 14, what is 12c9d95 - 4?
12c9d91
In base 12, what is 5 - 2774102?
-27740b9
In base 6, what is -20344422 - 4?
-20344430
In base 2, what is 100100 - -100010100100000010101?
100010100100000111001
In base 8, what is 152433376 + 0?
152433376
In base 11, what is 8a1107 - -4?
8a1110
In base 3, what is 20011020022221 + 11210?
20011020111201
In base 4, what is -300213323 + 131?
-300213132
In base 10, what is -10356683 + -5?
-10356688
In base 13, what is 23a0a5 + -17?
23a08b
In base 5, what is -10 - -412421222?
412421212
In base 12, what is b77224 - 71?
b77173
In base 10, what is -3 + -2896180?
-2896183
In base 5, what is 303104332104 + 4?
303104332113
In base 15, what is b8ec74 - 5?
b8ec6e
In base 5, what is -10 - -312333010?
312333000
In base 11, what is 73 + -5563236?
-5563173
In base 2, what is 1001000100010111010010 + 1000?
1001000100010111011010
In base 7, what is 301504062 + -3?
301504056
In base 5, what is -1231043303 + -2?
-1231043310
In base 4, what is -10 - -3221220323?
3221220313
In base 14, what is c15 + -3044?
-222d
In base 10, what is -1212682 - -5?
-1212677
In base 14, what is -4371c52a - -3?
-4371c527
In base 15, what is -61 - 56974?
-569d5
In base 2, what is 11000001101001111100 + 110?
11000001101010000010
In base 15, what is -2 + -333d7c?
-333d7e
In base 16, what is 5925660 - 4?
592565c
In base 4, what is -13032000332 - 13?
-13032001011
In base 15, what is 8a + c71ce?
c7269
In base 13, what is a04648 + -26?
a04622
In base 13, what is -292888 - -45?
-292843
In base 16, what is -2716 + 1515?
-1201
In base 13, what is 16c670a - 81?
16c6659
In base 6, what is 5 + 205550221?
205550230
In base 6, what is -132201 + -11433?
-144034
In base 7, what is -12 - -463012426?
463012414
In base 4, what is 22 + 20310231231?
20310231313
In base 9, what is -570 - -3361574?
3361004
In base 14, what is -4503a38 - 1?
-4503a39
In base 3, what is -110222120221 + 100212?
-110222020002
In base 8, what is -2251 + -505351?
-507622
In base 8, what is -422102 + 414?
-421466
In base 14, what is 1 + -10c1ba07?
-10c1ba06
In base 12, what is 8 + 438922?
43892a
In base 10, what is 224 + -167?
57
In base 5, what is -230111 - -41343?
-133213
In base 7, what is -2343 + -234404?
-240050
In base 4, what is 112101 + 1112331?
1231032
In base 6, what is 30245 - 23253?
2552
In base 6, what is 11311104441 + -1?
11311104440
In base 6, what is 105411 - 1535451?
-1430040
In base 6, what is -111423 - 1250?
-113113
In base 15, what is 36e + -1696?
-1327
In base 15, what is -83237 - -2e?
-83208
In base 12, what is -135a3 - -31a6?
-103b9
In base 11, what is 39a - -5350?
573a
In base 8, what is -7467 + 23775?
14306
In base 3, what is -120021020222110 - -12?
-120021020222021
In base 3, what is 11122022000210000 + 21?
11122022000210021
In base 8, what is 3 + 22160510?
22160513
In base 2, what is -111010011110010010111000 + -1?
-111010011110010010111001
In base 16, what is 5c7 + -1397?
-dd0
In base 14, what is 48a251 + 2d?
48a280
In base 12, what is -863b983 - 4?
-863b987
In base 2, what is -1100010000010100011 - -1100100000?
-1100001110110000011
In base 9, what is 3 - 24136131?
-24136127
In base 12, what is -4779a20 + 24?
-47799b8
In base 4, what is -302122030213 + 132?
-302122030021
In base 3, what is -11 + -2202000120112102?
-2202000120112120
In base 14, what is 4950 - -183d?
638d
In base 12, what is -198a61 - 587?
-199428
In base 10, what is -15575 + -1169?
-16744
In base 14, what is 21a50954 - -2?
21a50956
In base 8, what is -3 - 2104365?
-2104370
In base 15, what is 41562 + 84?
415e6
In base 6, what is 22254453 - -3243?
22302140
In base 6, what is 125424004420 - 5?
125424004411
In base 3, what is 102022211 - 11021?
102011120
In base 7, what is 40050520331 - -5?
40050520336
In base 14, what is b738d1c7 + -1?
b738d1c6
In base 14, what is 69c7 - 19?
69ac
In base 14, what is d2425b - 36?
d24225
In base 16, what is -7 - -1fe0cf?
1fe0c8
In base 11, what is 3 + -4157a10?
-4157a08
In base 7, what is 111550622 + -11?
111550611
In base 5, what is 1143142223 + -1333?
1143140340
In base 3, what is -20 + 20220101020022001?
20220101020021211
In base 10, what is -7306603 + -1?
-7306604
In base 6, what is 12113225 - -203?
12113432
In base 15, what is 594db - -20?
5950b
In base 16, what is 8071f - 42a?
802f5
In base 3, what is -2022 + 122211012020122?
122211012011100
In base 15, what is 24 - 20425d?
-204239
In base 14, what is -4 + -261261?
-261265
In base 10, what is 5428629 + -20?
5428609
In base 5, what is 404442 - 314322?
40120
In base 7, what is -30404312 - -4?
-30404305
In base 8, what is -1037 + 103155?
102116
In base 6, what is -4 + 341502330?
341502322
In base 6, what is -4313303113 + -1?
-4313303114
In base 13, what is -1bc036 - -89?
-1bbc7a
In base 7, what is -3 - 201651664?
-201652000
In base 4, what is 10013220 + 31310122?
101330002
In base 16, what is -7 - 240add?
-240ae4
In base 2, what is -10111110110 - -101001?
-10111001101
In base 7, what is 223352612 - -3?
223352615
In base 11, what is 137 + -2112747?
-2112610
In base 4, what is -33 + -11310022323?
-113